{"id":7,"date":"2015-06-24T03:34:26","date_gmt":"2015-06-24T03:34:26","guid":{"rendered":"http:\/\/nutrideportiva.cl\/?page_id=7"},"modified":"2025-10-02T12:00:20","modified_gmt":"2025-10-02T15:00:20","slug":"macro","status":"publish","type":"page","link":"https:\/\/nutrideportiva.cl\/index.php\/macro\/","title":{"rendered":"Macro"},"content":{"rendered":"<div id=\"Cntnr1\" class=\"s11\" data-reactid=\".0.$SITE_ROOT.$desktop_siteRoot.$PAGES_CONTAINER.1.1.$SITE_PAGES.$c13dn.4.$Cntnr1\">\n<div id=\"Cntnr1inlineContent\" class=\"s11inlineContent\" data-reactid=\".0.$SITE_ROOT.$desktop_siteRoot.$PAGES_CONTAINER.1.1.$SITE_PAGES.$c13dn.4.$Cntnr1.1\">\n<div id=\"WRchTxtq\" class=\"s12\" data-reactid=\".0.$SITE_ROOT.$desktop_siteRoot.$PAGES_CONTAINER.1.1.$SITE_PAGES.$c13dn.4.$Cntnr1.1.$WRchTxtq\">\n<div id=\"WRchTxtqrichTextContainer\" class=\"s12_richTextContainer s12richTextContainer\" data-reactid=\".0.$SITE_ROOT.$desktop_siteRoot.$PAGES_CONTAINER.1.1.$SITE_PAGES.$c13dn.4.$Cntnr1.1.$WRchTxtq.0\">\n<p><span class=\"font_4\">Alvaro Vergara N.<\/span><\/p>\n<figure id=\"attachment_505\" aria-describedby=\"caption-attachment-505\" style=\"width: 1334px\" class=\"wp-caption alignnone\"><a href=\"http:\/\/nutrideportiva.cl\/wp-content\/uploads\/2017\/08\/img_7296-2.jpg\"><img loading=\"lazy\" decoding=\"async\" class=\"size-full wp-image-505\" title=\"\" src=\"http:\/\/nutrideportiva.cl\/wp-content\/uploads\/2017\/08\/img_7296-2.jpg\" alt=\"\" width=\"1334\" height=\"1000\" srcset=\"https:\/\/nutrideportiva.cl\/wp-content\/uploads\/2017\/08\/img_7296-2.jpg 1334w, https:\/\/nutrideportiva.cl\/wp-content\/uploads\/2017\/08\/img_7296-2-600x450.jpg 600w, https:\/\/nutrideportiva.cl\/wp-content\/uploads\/2017\/08\/img_7296-2-300x225.jpg 300w, https:\/\/nutrideportiva.cl\/wp-content\/uploads\/2017\/08\/img_7296-2-768x576.jpg 768w, https:\/\/nutrideportiva.cl\/wp-content\/uploads\/2017\/08\/img_7296-2-1024x768.jpg 1024w\" sizes=\"auto, (max-width: 1334px) 100vw, 1334px\" \/><\/a><figcaption id=\"caption-attachment-505\" class=\"wp-caption-text\">Universidad de la Frontera &#8211; Temuco 2017<\/figcaption><\/figure>\n<h4><strong>C.V.\u00a0<\/strong><\/h4>\n<h4><strong>Macro &#8211; ac\u00e1 podr\u00e1s ver parte de los estudios y exposiciones realizadas<\/strong><\/h4>\n<div id=\"WPht4\" class=\"s13\" title=\"\" data-exact-height=\"NaN\" data-content-padding-horizontal=\"2\" data-content-padding-vertical=\"2\" data-state=\"noTouch\" data-reactid=\".0.$SITE_ROOT.$desktop_siteRoot.$PAGES_CONTAINER.1.1.$SITE_PAGES.$c13dn.4.$Cntnr1.1.$WPht4\">\n<div id=\"WPht4link\" class=\"s13link\" data-reactid=\".0.$SITE_ROOT.$desktop_siteRoot.$PAGES_CONTAINER.1.1.$SITE_PAGES.$c13dn.4.$Cntnr1.1.$WPht4.0\">\n<div id=\"WPht4img\" class=\"s13img\" data-state=\"loaded\" data-reactid=\".0.$SITE_ROOT.$desktop_siteRoot.$PAGES_CONTAINER.1.1.$SITE_PAGES.$c13dn.4.$Cntnr1.1.$WPht4.0.0\">Profesor de Educaci\u00f3n f\u00edsica deportes y recreaci\u00f3n titulado de la universidad mayor y Nutricionista Dietista titulado de la UDLA, Independiente y especializado en el \u00e1rea del Entrenamiento\/Nutrici\u00f3n Indoor y Outdoor, adem\u00e1s de la constante especializaci\u00f3n del \u00e1rea de nutrici\u00f3n, salud , entrenamiento y rendimiento, con busca de nuevos desaf\u00edos de mayor complejidad.<\/div>\n<\/div>\n<div id=\"WRchTxtr\" class=\"s12\" data-reactid=\".0.$SITE_ROOT.$desktop_siteRoot.$PAGES_CONTAINER.1.1.$SITE_PAGES.$c13dn.4.$Cntnr1.1.$WRchTxtr\">\n<div id=\"WRchTxtrrichTextContainer\" class=\"s12_richTextContainer s12richTextContainer\" data-reactid=\".0.$SITE_ROOT.$desktop_siteRoot.$PAGES_CONTAINER.1.1.$SITE_PAGES.$c13dn.4.$Cntnr1.1.$WRchTxtr.0\">\n<h4 class=\"alignJustify\"><strong>Estudios (Generalidades)<\/strong><\/h4>\n<\/div>\n<ul>\n<li id=\"WRchTxt7\" class=\"s14\" data-reactid=\".0.$SITE_ROOT.$desktop_siteRoot.$PAGES_CONTAINER.1.1.$SITE_PAGES.$c13dn.4.$WRchTxt7\">Ed. Fisica , Deportes y Recreaci\u00f3n para la ense\u00f1anza b\u00e1sica y media <em>(Alto Honor)<\/em><\/li>\n<li class=\"s14\" data-reactid=\".0.$SITE_ROOT.$desktop_siteRoot.$PAGES_CONTAINER.1.1.$SITE_PAGES.$c13dn.4.$WRchTxt7\">Nutrici\u00f3n y Dietetica <em>(Honor)<\/em><\/li>\n<li class=\"s14\" data-reactid=\".0.$SITE_ROOT.$desktop_siteRoot.$PAGES_CONTAINER.1.1.$SITE_PAGES.$c13dn.4.$WRchTxt7\">Diplomado en Nutrici\u00f3n Deportiva y Suplementaci\u00f3n <em>(Egresado con Distinci\u00f3n m\u00e1xima)<\/em><\/li>\n<li class=\"s14\" data-reactid=\".0.$SITE_ROOT.$desktop_siteRoot.$PAGES_CONTAINER.1.1.$SITE_PAGES.$c13dn.4.$WRchTxt7\">M\u00e1ster en Entrenamiento <em>(Egresado con Distinci\u00f3n)<\/em><\/li>\n<li class=\"s14\" data-reactid=\".0.$SITE_ROOT.$desktop_siteRoot.$PAGES_CONTAINER.1.1.$SITE_PAGES.$c13dn.4.$WRchTxt7\">Certificaci\u00f3n Internacional en Nutrici\u00f3n Deportiva Nivel 1<\/li>\n<li class=\"s14\" data-reactid=\".0.$SITE_ROOT.$desktop_siteRoot.$PAGES_CONTAINER.1.1.$SITE_PAGES.$c13dn.4.$WRchTxt7\">Cursos\/Diplomados en Entrenamiento Deportivo<\/li>\n<li data-reactid=\".0.$SITE_ROOT.$desktop_siteRoot.$PAGES_CONTAINER.1.1.$SITE_PAGES.$c13dn.4.$WRchTxt7\">MsCs. de la act.fisica y el rendimiento menci\u00f3n entrenamiento<\/li>\n<\/ul>\n<p class=\"s15\" data-reactid=\".0.$SITE_ROOT.$desktop_siteRoot.$PAGES_CONTAINER.1.1.$SITE_PAGES.$c13dn.4.$FvGrdLn0\"><strong>Cursos Complementarios Area Deportiva<\/strong>(Generalidades)<\/p>\n<p class=\"s15\" data-reactid=\".0.$SITE_ROOT.$desktop_siteRoot.$PAGES_CONTAINER.1.1.$SITE_PAGES.$c13dn.4.$FvGrdLn0\">Otros cursos y capacitaciones del \u00e1rea de la nutrici\u00f3n , deporte y entrenamiento desde instituciones como Universidad Mayor , UDLA , USACH , Universidad de Chile , PRODEP , CEMS \u201cCentro de estudios de ciencias del movimiento y la salud&#8221;, ASA (Athletic Science Academy) , \u00a0entre otras instituciones .<\/p>\n<h4 class=\"font_5\"><strong>Docencia<\/strong><\/h4>\n<ul>\n<li class=\"s15\" data-reactid=\".0.$SITE_ROOT.$desktop_siteRoot.$PAGES_CONTAINER.1.1.$SITE_PAGES.$c13dn.4.$FvGrdLn0\">Docente Pregrado en asignaturas como Metodolog\u00eda de la Investigaci\u00f3n y Docente gu\u00eda en seminarios de Grado, Nutrici\u00f3n para la actividad fisica y Deporte; entre otros ramos en donde he sido docente adjunto.<\/li>\n<li class=\"s15\" data-reactid=\".0.$SITE_ROOT.$desktop_siteRoot.$PAGES_CONTAINER.1.1.$SITE_PAGES.$c13dn.4.$FvGrdLn0\">Relator en Certificaci\u00f3n Internacional y Nacionales en Nutrici\u00f3n Deportiva.<\/li>\n<li class=\"s15\" data-reactid=\".0.$SITE_ROOT.$desktop_siteRoot.$PAGES_CONTAINER.1.1.$SITE_PAGES.$c13dn.4.$FvGrdLn0\">Relator en Cursos de sobre Nutrici\u00f3n Deportiva, Suplementacion, Doping y Entrenamiento.<\/li>\n<li data-reactid=\".0.$SITE_ROOT.$desktop_siteRoot.$PAGES_CONTAINER.1.1.$SITE_PAGES.$c13dn.4.$FvGrdLn0\">En la actualidad &#8211; Docente en Diplomados sobre Nutrici\u00f3n Deportiva, Obesidad, Nutricion Vegetariana &amp; Vegana, Entrenamiento y Medicina deportiva.<\/li>\n<\/ul>\n<p><strong>Investigador activo y aca puedes ver algunas de mis publicaciones en <\/strong><a href=\"https:\/\/www.researchgate.net\/profile\/Alvaro-Vergara-Nieto?ev=hdr_xprf\">researchgate<\/a><\/p>\n<\/div>\n<\/div>\n<\/div>\n<\/div>\n<\/div>\n<\/div>\n\n\n<p><\/p>\n","protected":false},"excerpt":{"rendered":"<p>Alvaro Vergara N. C.V.\u00a0 Macro &#8211; ac\u00e1 podr\u00e1s ver parte de los estudios y exposiciones realizadas Profesor de Educaci\u00f3n f\u00edsica deportes y recreaci\u00f3n titulado de [&hellip;]<\/p>\n","protected":false},"author":1,"featured_media":0,"parent":0,"menu_order":0,"comment_status":"closed","ping_status":"open","template":"","meta":{"footnotes":""},"class_list":["post-7","page","type-page","status-publish","hentry"],"_links":{"self":[{"href":"https:\/\/nutrideportiva.cl\/index.php\/wp-json\/wp\/v2\/pages\/7","targetHints":{"allow":["GET"]}}],"collection":[{"href":"https:\/\/nutrideportiva.cl\/index.php\/wp-json\/wp\/v2\/pages"}],"about":[{"href":"https:\/\/nutrideportiva.cl\/index.php\/wp-json\/wp\/v2\/types\/page"}],"author":[{"embeddable":true,"href":"https:\/\/nutrideportiva.cl\/index.php\/wp-json\/wp\/v2\/users\/1"}],"replies":[{"embeddable":true,"href":"https:\/\/nutrideportiva.cl\/index.php\/wp-json\/wp\/v2\/comments?post=7"}],"version-history":[{"count":19,"href":"https:\/\/nutrideportiva.cl\/index.php\/wp-json\/wp\/v2\/pages\/7\/revisions"}],"predecessor-version":[{"id":2903,"href":"https:\/\/nutrideportiva.cl\/index.php\/wp-json\/wp\/v2\/pages\/7\/revisions\/2903"}],"wp:attachment":[{"href":"https:\/\/nutrideportiva.cl\/index.php\/wp-json\/wp\/v2\/media?parent=7"}],"curies":[{"name":"wp","href":"https:\/\/api.w.org\/{rel}","templated":true}]}}