{"id":50,"date":"2015-06-24T06:09:55","date_gmt":"2015-06-24T06:09:55","guid":{"rendered":"http:\/\/nutrideportiva.cl\/?page_id=50"},"modified":"2026-02-23T17:21:52","modified_gmt":"2026-02-23T20:21:52","slug":"quien-soy","status":"publish","type":"page","link":"https:\/\/nutrideportiva.cl\/index.php\/quien-soy\/","title":{"rendered":"Quien Soy ?"},"content":{"rendered":"\n<h2 class=\"wp-block-heading\">\u00c1LVARO A. VERGARA NIETO<\/h2>\n\n\n\n<p>Profesor de Educaci\u00f3n F\u00edsica \u2013 Nutricionista Dietista<br>MSc. Ciencias de la Salud y el Ejercicio<\/p>\n\n\n\n<p>Soy Nutricionista y Profesor de Educaci\u00f3n F\u00edsica con formaci\u00f3n de posgrado y producci\u00f3n cient\u00edfica activa en nutrici\u00f3n, ejercicio y metabolismo. Mi trabajo integra investigaci\u00f3n acad\u00e9mica, docencia universitaria y pr\u00e1ctica cl\u00ednica especializada, conectando la ciencia de alto nivel con resultados reales en consulta.<\/p>\n\n\n\n<p>He publicado revisiones cient\u00edficas en revistas internacionales indexadas (Q1\u2013Q2) en \u00e1reas como ejercicio y salud cerebral, autofagia y ayuno intermitente, omega-3, bioactivos vegetales, inflamaci\u00f3n, microbiota e inmunometabolismo. Adem\u00e1s, participo como revisor cient\u00edfico en journals de alto impacto internacional, lo que me mantiene en contacto permanente con la evidencia m\u00e1s actual.<\/p>\n\n\n\n<p><strong>Pero mi trabajo no se queda en el papel.<\/strong><\/p>\n\n\n\n<p>Desde 2006 me he desempe\u00f1ado en el \u00e1mbito del entrenamiento y desde 2015 en consulta privada como nutricionista cl\u00ednico y deportivo, trabajando con deportistas amateurs, atletas de alto rendimiento y personas que buscan mejorar su composici\u00f3n corporal, salud metab\u00f3lica y rendimiento cognitivo. Mi enfoque combina fisiolog\u00eda del ejercicio, nutrici\u00f3n basada en evidencia y comprensi\u00f3n profunda de las fases del entrenamiento.<\/p>\n\n\n\n<p>Actualmente soy docente de pre y postgrado en universidades chilenas y programas internacionales, formando a nuevos profesionales en nutrici\u00f3n deportiva y ciencias del ejercicio.<\/p>\n\n\n\n<p>En Nutrideportiva cada intervenci\u00f3n es personalizada, cuantificable y fundamentada en evidencia cient\u00edfica actual. No trabajo con modas ni protocolos gen\u00e9ricos: trabajo con fisiolog\u00eda, datos y seguimiento real.<\/p>\n\n\n\n<p class=\"has-orange-color has-text-color has-link-color wp-elements-2b555d747b939dd3dab11527bf33c23d\">Aqu\u00ed no solo te atiende alguien que estudia la ciencia.<br>Te atiende alguien que la publica, la eval\u00faa y la aplica.<\/p>\n\n\n\n<p><\/p>\n","protected":false},"excerpt":{"rendered":"<p>\u00c1LVARO A. VERGARA NIETO Profesor de Educaci\u00f3n F\u00edsica \u2013 Nutricionista DietistaMSc. Ciencias de la Salud y el Ejercicio Soy Nutricionista y Profesor de Educaci\u00f3n F\u00edsica [&hellip;]<\/p>\n","protected":false},"author":1,"featured_media":2954,"parent":0,"menu_order":0,"comment_status":"closed","ping_status":"open","template":"","meta":{"footnotes":""},"class_list":["post-50","page","type-page","status-publish","has-post-thumbnail","hentry"],"_links":{"self":[{"href":"https:\/\/nutrideportiva.cl\/index.php\/wp-json\/wp\/v2\/pages\/50","targetHints":{"allow":["GET"]}}],"collection":[{"href":"https:\/\/nutrideportiva.cl\/index.php\/wp-json\/wp\/v2\/pages"}],"about":[{"href":"https:\/\/nutrideportiva.cl\/index.php\/wp-json\/wp\/v2\/types\/page"}],"author":[{"embeddable":true,"href":"https:\/\/nutrideportiva.cl\/index.php\/wp-json\/wp\/v2\/users\/1"}],"replies":[{"embeddable":true,"href":"https:\/\/nutrideportiva.cl\/index.php\/wp-json\/wp\/v2\/comments?post=50"}],"version-history":[{"count":19,"href":"https:\/\/nutrideportiva.cl\/index.php\/wp-json\/wp\/v2\/pages\/50\/revisions"}],"predecessor-version":[{"id":2957,"href":"https:\/\/nutrideportiva.cl\/index.php\/wp-json\/wp\/v2\/pages\/50\/revisions\/2957"}],"wp:featuredmedia":[{"embeddable":true,"href":"https:\/\/nutrideportiva.cl\/index.php\/wp-json\/wp\/v2\/media\/2954"}],"wp:attachment":[{"href":"https:\/\/nutrideportiva.cl\/index.php\/wp-json\/wp\/v2\/media?parent=50"}],"curies":[{"name":"wp","href":"https:\/\/api.w.org\/{rel}","templated":true}]}}